digit of s(q)?
3
Suppose -91*y + 87*y = -1724. What is the units digit of y?
1
Let u = 32 - 21. Let g(i) = i**3 - 10*i**2 - 10*i - 11. Let c be g(u). Suppose 5*o + c*o = 160. What is the tens digit of o?
3
Let d be 15/10*(-8)/(-3). Suppose 0 = d*x - 6*x + 54. What is the tens digit of x?
2
Let t be (8 + 2472/(-32))/((-1)/28). Suppose 0 = 11*w - t - 1339. What is the tens digit of w?
9
Suppose -5*r - 7*n + 3*n - 109 = 0, -n = -4. Let v = r + 46. Let m = v + 1. What is the tens digit of m?
2
Suppose -7 = 5*i - 2. Let q = i - -28. What is the units digit of q?
7
Let a = 33 - 35. What is the units digit of a/9 + 40290/270?
9
Suppose 5*p = 2*i - 2544, 4*i = 5*i - 3*p - 1274. What is the tens digit of i?
6
Let y = 39 + -39. Let n(m) = m**3 - m**2 + 2*m + 109. What is the units digit of n(y)?
9
Let g = -364 - 11. What is the units digit of -2 + g/(-5) - 2?
1
Suppose 0 = 31*h - 135*h + 336752. What is the units digit of h?
8
Suppose 6*u = -144 + 60. Let y be (-1)/(((-6)/68)/3). Let t = u + y. What is the tens digit of t?
2
Suppose -w + 264 = -2*k, w + k - 258 = -3*k. Let z = -158 + w. What is the tens digit of z?
0
Let n be -4*(-2)/4 + (-2)/(-2). Suppose -n*a + 12 = 0, -3*a + 117 = 4*d + d. What is the units digit of d?
1
Let o(t) = 2*t**2 + 3*t. Let k be o(-2). Suppose -k*b - 7 = -5, 0 = -2*f + 2*b + 464. What is the hundreds digit of f?
2
Suppose 0 = -8*g - 8*g + 96. What is the units digit of g?
6
Let d(j) = 4*j**3 + 22*j**2 + 12*j + 21. Let y(k) = -k**3 - k**2 + k. Let m(w) = -d(w) - 5*y(w). Let n be m(18). What is the units digit of (-6 - 50)*n/4?
2
Suppose -5*n + 116375 = 5*k, 5*n + 4*k - 104812 - 11564 = 0. Let f be n/24 + (-1)/(-6). What is the units digit of f/30 - 2/6?
2
Suppose -14 = 7*i - 35. Let h be (-2)/(162/(-80) + 2). Suppose i*v - t = 40, -6*t + h = 5*v - t. What is the tens digit of v?
1
Let y(v) = v**2 - 33*v + 52. What is the units digit of y(47)?
0
Let f = -31 + 35. Suppose 2 = -5*l + f*l. What is the units digit of ((-62)/1)/l + -2?
9
Suppose 0 = -l, 0 = -2*m - 0*m + 5*l + 14. Suppose 0 = -2*o + 9 + 61. What is the tens digit of 5/o - (-293)/m?
4
Suppose 3*t = -v - 211, 0*t - 5*v = 5*t + 355. Let d = -31 - t. What is the units digit of d?
9
Suppose 3*d - 981 = -3*f + 39, -3*d + 1020 = 2*f. What is the tens digit of d?
4
Let b be 2*((3 - 3) + -2). What is the units digit of (-220)/(-5) + b + 0?
0
Let k(o) = 3*o**2 + o - 30. What is the units digit of k(-18)?
4
Let m = -67 + 65. What is the tens digit of -3 + (-3311)/(-22) + m/(-4)?
4
Suppose -4*d + 1849 = 5*s, 6*s - 3*s = -2*d + 923. What is the units digit of d?
6
Let t(m) = m**2 + 15*m - 35. What is the tens digit of t(11)?
5
Let t(n) = n**2 + 2*n. Let f be t(-1). What is the tens digit of 5/((-2)/22*f)?
5
What is the units digit of (-12)/15 + (-96)/(-20) - -2066?
0
Suppose 6 = -2*k, -5*n + 179 = -k - 79. Suppose -5*d - 23 + 3 = 0, -5*t + 4*d + n = 0. What is the units digit of t?
7
Let i be (-1)/((-1)/(-246)*-1). Suppose 5*w - 189 = i. What is the units digit of w?
7
Let z be 6 + (-468)/(-21) - (-2)/(-7). What is the units digit of 8*63/(-42)*z/(-3)?
2
Let x be 59 + 0 - (1 + 0). Let a(v) = -v**3 - 49*v**2 + v + 26. Let l be a(-49). Let k = l + x. What is the tens digit of k?
3
Let d(c) = -c**3 - 14*c**2 - 3*c + 7. Let g(r) = -r**2 - r + 1. Let b(a) = -d(a) + 5*g(a). What is the units digit of b(-7)?
0
Suppose -4067 = -v + 2*w, -5*v + 10459 = 4*w - 9834. What is the tens digit of v?
6
Let u(h) = 4*h**3 - 5*h**2 + 8*h - 75. What is the units digit of u(6)?
7
Suppose 28*w - 15*w = 6162. What is the tens digit of w?
7
What is the units digit of -4 + -10 + 2409 - 5?
0
Let u be 12 + 0 + -1 + 2. Let n = u + -11. Suppose -y + n*y = 34. What is the units digit of y?
4
Suppose -4*d - 7*f + 3*f + 8 = 0, -2*d + f = -7. Let s = -1 + d. What is the units digit of 2 + 9 + s - -2?
5
Suppose 2*s = -2*u - 2 + 136, 3*s - 133 = -2*u. Suppose 0*h + 4*z = -3*h + 113, 3*h = 5*z + u. What is the units digit of h?
1
Let k(t) = -t**3 + 7*t**2 + 2*t - 4. Let w be k(7). Suppose -2*s = -w, -160 = 5*j - 0*s + 2*s. Let x = -19 - j. What is the tens digit of x?
1
Suppose -v + d = -3*d - 24, -2*d - 26 = -4*v. Suppose y = -v*t + 8, 0 = 2*y + 2*t - 4*t + 14. What is the tens digit of y/20 - (-382)/10?
3
Let w(r) be the third derivative of -7*r**4/6 - 11*r**3/3 - 3*r**2. What is the units digit of w(-5)?
8
Let a(z) = -15*z + 4. Let p be a(2). Let c = -14 - p. Suppose 5*x - c = 38. What is the units digit of x?
0
Let f = 21 - 19. Let o(v) = -3*v - 22 - f*v + 6*v + 59. What is the units digit of o(0)?
7
Let k = -181 - -302. Suppose -5*c + 6*c - k = 0. Suppose 4*p = 5*q + c, 0 = 5*p - 5*q + 18 - 163. What is the units digit of p?
4
Let o = 761 - 797. Suppose h + 0*h = 10. What is the tens digit of o/(-7)*35/h?
1
Suppose 1 + 1 = h. Suppose 4*f + 7*j = 2*j + 27, -15 = -h*f - j. Suppose -f*a = -7*a - 9. What is the units digit of a?
9
Suppose 0 = 5*g - j + 5*j - 142, 0 = g - 2*j - 20. Suppose 54 = 5*v - r, -r + g = 3*v - 0*r. Let n = v - -10. What is the tens digit of n?
2
Let f(d) = d. Let i be f(0). Suppose i*k + k = 3*y + 72, 5*y = -20. What is the units digit of k?
0
Let a be 0 - (4 - 25/1). Suppose a = -d + 145. What is the hundreds digit of d?
1
Let s be (-8)/(-20) - 37/5. What is the units digit of (s/(-28))/(2/8)?
1
Suppose 5*c + 13 = 133. Suppose c*n - 21*n = 6. Suppose -43 = -w + 4*p, 2*w - n*p + 5*p - 75 = 0. What is the units digit of w?
9
Let p(z) = -37*z**3 + 4*z**2 - 6*z - 23. What is the thousands digit of p(-3)?
1
Let k(v) = -5*v**2 + 3*v + 8. Let x(h) = 5*h**2 - 2*h - 7. Let g(z) = 6*k(z) + 7*x(z). What is the tens digit of g(-3)?
3
Suppose 0 = 3*t + l - 21 + 127, 2*t + 48 = 5*l. Let a = -27 - -9. Let k = a - t. What is the units digit of k?
6
Let t(m) = 10*m - 29. Let r be -1 - (-2 - (-1 + 11)). Let q(u) = -3*u + 10. Let a(v) = r*q(v) + 4*t(v). What is the units digit of a(7)?
3
Let a(d) = 32*d**2 - 13*d + 12. What is the tens digit of a(5)?
4
Suppose 0 = 5*r - t - 969, 0 = -3*r - 2*t - t + 585. Let d = r + -133. What is the tens digit of d?
6
Let q(l) = -l**2 - 5*l - 2. Let s be q(-3). Let o be 4/s*(-3)/(-1). Suppose 43 = o*t - 14. What is the tens digit of t?
1
Suppose 6 = -3*q - 6. Let g = 12 - 10. Let p = g - q. What is the units digit of p?
6
Let r = 26 + 203. What is the hundreds digit of r?
2
Let n = 3 - -5. What is the tens digit of (-6)/n*(-7 + -81)?
6
Let g(d) = -15*d + 27*d + 2*d**2 + 5 + 12. What is the tens digit of g(-9)?
7
Let h(z) = z**3 + 7*z**2 - 7*z + 7. Let r be h(-8). Let m = 7 + r. What is the units digit of (-16)/(1/(m/(-4)))?
4
Let u(t) = -71*t - 250. What is the units digit of u(-29)?
9
Let q = 1464 + -733. What is the units digit of q?
1
Let n(p) = p**3 - 28*p**2 + 28*p - 119. What is the hundreds digit of n(28)?
6
Suppose 545 = 5*z - 300. What is the units digit of z?
9
Suppose -35392 = -18*g - 10*g. What is the hundreds digit of g?
2
Suppose -73 = -3*a + 2*a. What is the tens digit of a?
7
Let i be (-21)/49 - (3/(-7))/1. Suppose 0 = -i*z + z - 4*q - 112, -4*q - 448 = -4*z. What is the tens digit of z?
1
Let y(u) = 3*u**3 + 6*u**2 - 6*u + 28. What is the units digit of y(3)?
5
What is the tens digit of (-1 - -51)*3*(-64)/(-12)?
0
Suppose -5*g + 0 = 3*v - 11, -5*g - 3 = -4*v. Suppose 12*i - 150 + 150 = 0. Suppose i = 5*q + m - 118 - 56, v*q - 3*m = 73. What is the units digit of q?
5
Let o(y) = 2*y - 5. Suppose -w + 5 = -0*w. Suppose 0 = 4*b - 2*b + 4*c + 2, -w*c - 55 = -5*b. What is the units digit of o(b)?
9
Suppose -3*m = -675 - 231. What is the units digit of m?
2
Let b = -6 - -8. Let s be 1104/(-6)*b/(-4). Let u = s + -61. What is the tens digit of u?
3
Let a = 1 + -4. Let k be (a/(-2))/(9/30). Suppose -k*s + 55 = -4*d, s + d = 5*d - 5. What is the units digit of s?
5
Let n = 350 + 390. Suppose -6*j + n = -538. Suppose -5*c + j = -p, c + 123 = 4*c + p. What is the units digit of c?
2
Let q(i) be the third derivative of -i**6/120 - 2*i**5/15 - i**4/3 + i**3/3 - 4*i**2. Let a be q(-7). Let t = -6 + a. What is the units digit of t?
3
Let w = -2374 + 4151. What is the units digit of w?
7
Let j(b) = -b + 12. Let z be j(10). Suppose -3*x = -2*v + v + 4, 3*x - z*v = -8. Suppose t = -x*t + 8. What is the units digit of t?
8
What is the tens digit of 8/48*6 - -1300?
0
Let 